on divisor of 3899372 and 68?
4
What is the highest common divisor of 4620 and 612480?
660
Calculate the highest common factor of 163767 and 160291.
79
Calculate the highest common divisor of 2688 and 10870656.
384
Calculate the highest common factor of 14415 and 57510.
15
What is the highest common factor of 275 and 830071?
11
Calculate the greatest common factor of 2820 and 45270.
30
What is the greatest common divisor of 777518690 and 780?
130
Calculate the highest common divisor of 1238 and 110193142.
1238
Calculate the highest common factor of 7540 and 7500908.
116
Calculate the highest common factor of 3737 and 2470675.
37
What is the greatest common divisor of 59861 and 66563501?
1931
Calculate the greatest common factor of 22133327 and 18602.
71
What is the highest common factor of 14 and 1940127?
7
Calculate the greatest common divisor of 21709776 and 704.
176
Calculate the highest common divisor of 661440276 and 3024.
756
What is the highest common divisor of 147 and 37449328?
49
What is the greatest common divisor of 100341477 and 1593?
1593
What is the greatest common divisor of 1231767 and 1813?
37
What is the greatest common divisor of 5943 and 20475?
21
What is the highest common factor of 4994 and 24469238?
454
What is the greatest common divisor of 457465952 and 24?
8
Calculate the greatest common factor of 488314365 and 5334.
2667
What is the highest common factor of 126 and 3453051?
21
What is the highest common divisor of 33173 and 457856?
49
What is the greatest common divisor of 2040 and 104985?
15
What is the greatest common divisor of 313660 and 8?
4
Calculate the greatest common factor of 29080088 and 8.
8
Calculate the highest common factor of 5750 and 245849875.
2875
What is the highest common factor of 16553904 and 36?
12
Calculate the highest common divisor of 15 and 1126143.
3
What is the greatest common factor of 25924426 and 22?
22
What is the greatest common factor of 57048336 and 46284?
6612
What is the highest common factor of 918 and 1033260?
102
What is the highest common divisor of 46 and 28122859?
23
What is the highest common divisor of 125 and 2527775?
25
What is the highest common factor of 228945 and 975?
15
What is the greatest common divisor of 42 and 15830976?
42
What is the greatest common divisor of 11408 and 1977552?
496
Calculate the greatest common divisor of 720145 and 31317.
73
Calculate the greatest common factor of 1276 and 19653271.
319
What is the greatest common divisor of 1839852 and 556?
4
Calculate the greatest common divisor of 14 and 366764342.
14
What is the highest common divisor of 372444 and 213036?
492
Calculate the highest common divisor of 209 and 2777302.
11
Calculate the greatest common divisor of 1621624048 and 23584.
11792
Calculate the greatest common factor of 27185742 and 180.
18
Calculate the highest common factor of 10 and 3126155.
5
Calculate the greatest common divisor of 35568 and 8470865.
247
What is the greatest common divisor of 2 and 26550335?
1
What is the greatest common divisor of 3239946 and 2700?
54
Calculate the highest common divisor of 18035190 and 486.
54
Calculate the highest common divisor of 7 and 13624639.
7
What is the greatest common factor of 48 and 916555740?
12
What is the highest common factor of 2790 and 1213686?
18
Calculate the highest common divisor of 3053709 and 1458279.
2799
Calculate the highest common divisor of 5875 and 1534625.
125
Calculate the greatest common factor of 2744 and 10382953.
343
Calculate the greatest common factor of 11882188 and 161676.
1996
Calculate the highest common divisor of 48688854 and 4205.
841
What is the greatest common factor of 151433587 and 23?
23
What is the greatest common factor of 59178545 and 73?
73
What is the highest common divisor of 3795 and 5591645?
115
Calculate the greatest common divisor of 689925 and 21555.
15
What is the highest common factor of 139731 and 89958?
141
Calculate the greatest common divisor of 6513 and 35923537.
2171
Calculate the greatest common factor of 72550088 and 4210.
842
What is the greatest common factor of 46248216 and 552?
552
What is the greatest common factor of 80 and 63020?
20
What is the highest common factor of 896 and 7721504?
224
What is the greatest common factor of 12 and 10537208?
4
Calculate the greatest common factor of 13534654 and 4852.
2426
Calculate the highest common factor of 1328432 and 1508.
116
What is the greatest common divisor of 25165458 and 108?
54
What is the highest common divisor of 37567788 and 1824?
228
What is the greatest common divisor of 44 and 4760481?
11
What is the greatest common divisor of 30181204 and 4?
4
Calculate the greatest common divisor of 127514 and 131222.
206
Calculate the greatest common divisor of 10517731 and 329.
7
Calculate the greatest common factor of 988 and 188812.
52
Calculate the greatest common factor of 56940 and 15956340.
4380
Calculate the highest common divisor of 3910 and 2469556.
782
Calculate the highest common factor of 269075 and 1825.
25
Calculate the greatest common factor of 353570 and 8190.
70
What is the greatest common factor of 12519 and 107297567?
1391
What is the highest common factor of 9568 and 6847568?
208
Calculate the highest common factor of 4218 and 1533414.
114
What is the greatest common factor of 75712 and 933504?
832
Calculate the highest common divisor of 524 and 9711161.
131
What is the highest common factor of 542828 and 5548?
292
What is the greatest common divisor of 14907622 and 4964?
146
Calculate the highest common factor of 1330 and 149692032.
266
What is the greatest common factor of 75117393 and 2223?
2223
What is the highest common divisor of 54748548 and 4?
4
Calculate the greatest common factor of 178773 and 106785.
21
What is the greatest common factor of 34766809 and 308?
77
Calculate the highest common factor of 95907672 and 2192.
1096
Calculate the highest common divisor of 186 and 4144762.
62
What is the greatest common factor of 88387 and 16?
1
Calculate the highest common factor of 79 and 6346781.
79
What is the greatest common factor of 315384 and 112858?
1546
What is the greatest common divisor of 159064 and 1989648?
2696
Calculate the greatest common divisor of 263 and 1936583405.
263
What is the highest common divisor of 3200 and 17022848?
128
Calculate the greatest common divisor of 13747 and 673131.
59
What is the greatest common divisor of 15896 and 19304?
8
Calculate the highest common factor of 30125142 and 90.
18
Calculate the highest common divisor of 858 and 75913266.
858
What is the highest common factor of 143096 and 3472?
248
Calculate the highest common factor of 828803 and 17427.
157
What is the highest common divisor of 100 and 55914740?
20
What is the greatest common factor of 1051249132 and 16376?
8188
Calculate the greatest common divisor of 246048 and 128.
32
Calculate the highest common divisor of 16958123 and 662.
331
Calculate the highest common divisor of 5502 and 51298683.
393
Calculate the greatest common divisor of 10947 and 15318502.
3649
What is the highest common factor of 34736 and 26104?
104
What is the greatest common factor of 89950 and 92050?
350
What is the highest common divisor of 37 and 40269653?
37
Calculate the greatest common factor of 86079111 and 3081.
237
Calculate the highest common factor of 156870856 and 276.
92
What is the highest common divisor of 51419345 and 8115?
2705
What is the greatest common factor of 114556442 and 1638?
182
Calculate the highest common factor of 7917 and 32103.
87
What is the greatest common divisor of 25403 and 93917?
19
Calculate the highest common factor of 386708 and 1748078.
3946
Calculate the greatest common divisor of 409983836 and 139.
139
Calculate the highest common factor of 2 and 78098476.
2
What is the highest common factor of 25108744 and 88?
8
What is the greatest common factor of 1791 and 72450726?
597
Calculate the greatest common factor of 88 and 8678092.
4
Calculate the highest common divisor of 893 and 9937.
19
Calculate the highest common factor of 8720249 and 13038.
2173
What is the highest common factor of 12290 and 277570?
10
Calculate the highest common factor of 24134864 and 4030.
806
What is the greatest common divisor of 85646965 and 95?
95